 -20))*-22. Suppose -n = -56 - q. Let a = 80 - 44. What is the greatest common factor of a and n?
36
Suppose 3421*p - 2492 = 3065*p. Let r(m) = 5*m - 2. Let c be r(6). What is the greatest common divisor of c and p?
7
Suppose -1204*f + 357 = -1203*f. Calculate the greatest common divisor of f and 49.
7
Let t(c) = 7*c + 89. Let n be t(-23). Let m be ((-174)/8)/(27/n). What is the highest common factor of m and 4?
2
Suppose 144 = 5*l + 13*l. Suppose -w = l*w - 36. Suppose 0*k + 5*k - 163 = -w*t, -4*t + 3*k + 171 = 0. What is the highest common factor of t and 462?
42
Suppose 19*d = 14*d + 25. Suppose -z = -d*j - 72, -z - 2*j = -156 + 56. Let f = z + -84. Calculate the greatest common factor of f and 128.
8
Let f(a) = a**3 - 11*a**2 - 113*a + 36. Let k be f(-6). What is the highest common factor of 2312 and k?
34
Suppose 6*u - u = -f + 69, u = f - 57. Calculate the greatest common factor of 18703 and f.
59
Suppose 944 = 314*r - 309*r + 2*s, r = 4*s + 202. What is the highest common divisor of r and 32205?
95
Let o = -16 + 21. Suppose 4*f = -3*w + w, 0 = 3*f - o*w. Suppose -2*m + 22 + 10 = f. Calculate the greatest common divisor of m and 128.
16
Let m(w) = 107*w**3 + 26*w**2 - 36*w + 9. Let p be m(1). Let r = 632 + -367. Calculate the greatest common factor of p and r.
53
Suppose n - 264 = 286. Let w be -5 - (162/(-270))/(1/5). Let y be w*2/((-24)/30)*10. What is the greatest common divisor of n and y?
50
Suppose -3 - 56 = -h - g, 3*g - 237 = -4*h. Let q = -48 + 84. Suppose -3*k + 3*b - 4*b = -36, -3*k + 5*b = -q. Calculate the greatest common factor of h and k.
12
Let n = 3578 - 1972. What is the highest common factor of 44 and n?
22
Let x = 443 + -263. Suppose 2*v + 18 = 3*r + 4*v, 2 = -r + 2*v. Suppose -r*j - 5 = -o - 78, 0 = -4*j - 5*o + 67. What is the greatest common divisor of j and x?
18
Let c be (-240)/880 - 5295/(-55). What is the highest common factor of 11004 and c?
12
Let y(a) = a**2 - 6*a - 35. Let b = -8 + 0. Let d be y(b). Calculate the greatest common divisor of 22 and d.
11
Let t = 258 - 33. Let x = t - 222. Calculate the greatest common divisor of 9 and x.
3
Let h be (-890)/45 + (-4)/18. Let p be 233/5 - 3/5. Let k = p + h. What is the highest common divisor of k and 78?
26
Let g = 3 + -1. Suppose -94*x = -13927 + 1331. What is the highest common divisor of x and g?
2
Let s(n) = 25*n + 2523. Let w be s(-99). Calculate the greatest common divisor of 474 and w.
6
Suppose 5*t - 45 = -l, 10 - 132 = -3*l - 2*t. Calculate the highest common divisor of l and 11240.
40
Let o(r) = -r - 8. Let w be o(-14). Let a be (15/w + -2)/(6/72). Calculate the greatest common divisor of a and 30.
6
Suppose -90516 = -152*s - 1140. Calculate the greatest common factor of s and 2156.
196
Suppose -w + 23 + 12 = 0. Let y = -367 - -369. Let m be (-8415)/(-30) - y/4. What is the greatest common divisor of m and w?
35
Suppose 5*d + 55 - 190 = 0. Suppose 20 = -g + d. Suppose 0 = g*t - 143 - 473. Calculate the greatest common factor of t and 8.
8
Let f be ((-9)/(-6))/((-3)/20). Let t be (18/10 - 2) + (-82)/f. Let a be (8/5)/((-1)/(-5)). What is the highest common divisor of t and a?
8
Suppose -o + 93 = 274. Let m = -172 - o. Calculate the highest common factor of 9 and m.
9
Let a = -13 - -24. Let l = 16 - a. Let c = 160 - 105. What is the highest common divisor of c and l?
5
Let g be 5*986/5 + -10. What is the greatest common divisor of g and 7076?
244
Let p(u) = -26*u - 171. Let g be (-3267)/495 - (-2)/(-5). Let c be p(g). Let h = 134 - 57. What is the greatest common divisor of h and c?
11
Suppose 0 = -2*d + 9*c - 6*c + 103, 4*c + 28 = 0. What is the highest common divisor of d and 3649?
41
Let d = 1988 + -1251. Calculate the highest common divisor of d and 44.
11
Let k be 69/4*40/30. Suppose 5*w + k = -2. Let x be (-40*1)/w + -5. Calculate the greatest common factor of x and 39.
3
Let z(j) = 5*j + 485. Let s be z(-22). Calculate the highest common factor of s and 600.
75
Let b = -2261 + 2278. Suppose -2*m + 0*m = 3*k - 1502, -3*k = 3*m - 2250. Suppose 0*x - m = -4*x. Calculate the highest common factor of b and x.
17
Suppose 0 = 4*a - 47*a + 2612 + 17125. Calculate the highest common factor of a and 108.
27
Suppose -918 + 755 - 1160 = -63*p. What is the highest common factor of 224 and p?
7
Let d be (435/116)/(-1*(-2)/8). What is the greatest common divisor of 9120 and d?
15
Let q(h) = -h**3 + 2*h**2 + 16*h + 810. Let v be q(0). What is the greatest common factor of v and 10?
10
Suppose 84*s + 786 - 132 = 193*s. What is the greatest common divisor of s and 4704?
6
Let j = -250 + 341. Suppose q + q + 5*m - 389 = 0, 0 = q - 2*m - 172. What is the highest common divisor of q and j?
91
Suppose 3*m - 3*n - 24 = 0, -5*n + 10*n = -5*m. Let h = -2 - 1576. Let u = h + 1622. Calculate the greatest common divisor of u and m.
4
Let z = 3728 + -3703. What is the greatest common factor of 1 and z?
1
Suppose 0 = -86*r + 253130 - 31164. Calculate the highest common factor of r and 29.
29
Suppose 4*t - 2*t + 5*p - 221 = 0, -2*t = p - 217. Let y(g) = 37*g**3 - g**2 + g - 1. Let q be y(1). What is the greatest common factor of q and t?
36
Let h = 3073 - 2572. What is the greatest common divisor of h and 6?
3
Let c = 22679 - 13517. What is the highest common divisor of 18 and c?
18
Suppose -4*r + 49 = -63. Let a(g) = -8*g + 332. Let m be a(40). What is the greatest common divisor of r and m?
4
Let l be ((-6)/6 - -2)/(3/282*2). Calculate the highest common divisor of 3 and l.
1
Let p(t) be the third derivative of t**5/20 - 7*t**4/24 + 5*t**3/2 + 47*t**2. Let o be p(4). What is the greatest common factor of o and 20?
5
Let m be 9 + 230384/182 - (-2)/13. What is the greatest common divisor of m and 900?
75
Let a(g) = 211*g - 2281. Let v be a(11). Calculate the highest common divisor of v and 3760.
40
Suppose 5857 - 75765 - 3334 = -26*r. What is the highest common divisor of 117 and r?
9
Let w be (-4)/(-1)*(-2)/(-2). Let t = 17008 + -9508. Let d be w/6 - t/(-36). Calculate the greatest common divisor of d and 19.
19
Suppose 1090*g - 1229*g + 4448 = 0. Calculate the greatest common divisor of g and 2488.
8
Suppose -5*k - 5*t = -28705, -2*k = -4*t - 12593 + 1141. Calculate the greatest common divisor of 12 and k.
12
Let r(l) = -22 - 7*l - 1 - 3*l + 0*l. Let k be r(-4). Let i be 67 - (0 + 0 - 1). What is the highest common divisor of i and k?
17
Let l = -13054 - -13278. What is the highest common divisor of l and 196?
28
Let m(g) = g**3 + 16*g**2 - 217*g + 203. Let s be m(-25). Calculate the greatest common divisor of 8 and s.
1
Suppose -6*i - 21 + 105 = 0. Suppose 0 = -i*g + 2234 + 6. Calculate the greatest common factor of g and 5.
5
Let v(z) = z**2 + 4*z - 26. Suppose 8 = 14*d + 148. Let l be v(d). What is the greatest common divisor of l and 17?
17
Let b be 10/((-10605)/(-10591) + -1). What is the highest common factor of b and 85?
85
Suppose 9*p - 50 = 8*p. Let n(f) = 8*f**2 - 3*f - 1. Suppose 3*o + 11 = h, 0*o - 3*o - 1 = 4*h. Let k be n(h). What is the greatest common factor of p and k?
25
Let y(h) = -42*h - 393. Let j be y(-25). Calculate the greatest common divisor of j and 18.
9
Let s be (1 + -1 + (-253)/(-44))*124. Calculate the greatest common divisor of s and 115.
23
Let s(q) = 58*q - 26. Let m be s(-1). Let k be 2/10 - m/5. Calculate the greatest common divisor of k and 1139.
17
Suppose -4*a - a + 7055 = 0. Let z = 88612 - 88595. Calculate the greatest common factor of z and a.
17
Let o(z) = -2912*z - 500. Let j be o(-3). Calculate the greatest common divisor of 71 and j.
71
Let c be ((-5)/2)/(3/(-72)). Let b be (-22 - -1) + 11 - -54. Let p = c - b. What is the highest common divisor of p and 16?
16
Let w = 10861 + -10781. What is the greatest common divisor of w and 1260?
20
Let d be 112/6 - (-8)/(-12). Suppose 3*b + 0*b = d. Suppose -b*i = -7*i + 14. What is the greatest common factor of i and 35?
7
Let a(i) = 13*i - 488. Let k be a(38). Calculate the highest common divisor of k and 3558.
6
Suppose -2179 = 5*j - 8*m - 22153, -5*j + 19947 = m. Calculate the greatest common divisor of j and 76.
38
Suppose 4*w - 2*x - 16 = 0, 4*w - 3*w + 11 = -2*x. Calculate the highest common factor of w and 529.
1
Let d(h) = -9*h**3 - 3*h**2 - 34*h - 65. Let b be d(-2). What is t